w a composite number?
False
Let b(f) = -5548*f - 1. Is b(-6) composite?
False
Suppose 2*f = 3*c - 5724, -3*f + 9*c - 8586 = 5*c. Let u = f - -4849. Is u composite?
False
Suppose -4*s + 0*s = 13*s. Suppose s = 108*o - 105*o - 249. Is o a prime number?
True
Let f(u) = u**3 + 31*u**2 - 82*u - 81. Is f(19) a prime number?
True
Let y(s) = 34*s**2 + 31*s - 168. Is y(13) prime?
True
Suppose 2*m + 5*a = 2*a + 4094, 2069 = m - 4*a. Is m a composite number?
False
Is 210/(-168)*(-38992)/20 prime?
True
Is (11/((-55)/(-126710)))/2 a composite number?
False
Let j(r) be the second derivative of 7*r**6/60 - r**5/60 - r**4/2 - 12*r. Let h(k) be the third derivative of j(k). Is h(4) prime?
False
Suppose -m + 3 = 0, h - 4*m + 20 = 5*h. Suppose h*v = -0*v - 102. Is 34/v - 2122/(-6) a prime number?
True
Suppose a = -5*u + 35647, 28522 = 4*u + 2*a + a. Is u composite?
False
Let j = 30 + -28. Suppose 5*r = j*k + 1449, 0*k - 869 = -3*r + k. Is r a prime number?
False
Let d(b) = 23*b - 18. Let g be d(9). Suppose j - 208 - g = 0. Is j a composite number?
False
Let k be 3*(-1 + (-34)/(-6)). Suppose -3 + k = -q. Let i(r) = -13*r - 24. Is i(q) prime?
False
Let y(p) = -2*p + 15 - 3 - 7 + 27*p**2. Is y(-4) a prime number?
False
Let a(s) = -3105*s + 14. Is a(-1) prime?
True
Let c be 6/(-2) + 7 + -8. Let u(b) = -331*b + 5. Is u(c) a prime number?
False
Let b(y) be the second derivative of y**5/4 + y**4/3 + y**3/2 + 3*y**2/2 + 4*y. Let l(o) = -o**2 - o - 1. Let n(p) = -b(p) - 2*l(p). Is n(-2) prime?
False
Is 2/5 + 6 + 2563/5 prime?
False
Let g(j) = -j**3 - 22*j**2 + 3*j + 57. Is g(-30) composite?
True
Suppose -2*o = p - 6, 0*p + 3*o = p + 19. Let v be (-3)/((-3 - p)*-1). Suppose -17 - 302 = -i - v*z, -4*i - z + 1320 = 0. Is i prime?
True
Is -60355*-6*(-11)/(-330) composite?
False
Let p(c) be the third derivative of 13*c**4/12 - 3*c**3/2 + 87*c**2. Let g = 2 - -8. Is p(g) prime?
True
Suppose 8 = 4*s - 2*k, 2*k + 24 = 3*s + 5*k. Suppose o = -d - 4*o + 2952, -s*o = -20. Is d a composite number?
False
Suppose 5*d + 3*c - 3280 - 15271 = 0, 0 = -4*c + 8. Is d composite?
False
Let d = 30 + -37. Is ((-106)/8)/(d/28) composite?
False
Suppose 3*g + 9039 = -3*r, 3*g + 5 = -2*g. Is r/(-10) - (-3)/45*-3 a prime number?
False
Let r = 11 + -17. Is 2/r - (-14754)/9 prime?
False
Suppose -4270 = -3*l + 4*d, -d + 1914 = 2*l - 951. Let r = l - 1019. Is r a prime number?
False
Let t be 2 - (-1576 + -1 + 2). Let o = t + -966. Is o a prime number?
False
Let s be (-3)/(1/10*(-135)/18). Suppose -s*f - 3*u = -4*u - 5330, -4*u = -3*f + 3991. Is f prime?
False
Suppose 12 = 2*j + 2. Suppose -4*k + 177 + 295 = 4*n, -359 = -3*n + 2*k. Suppose 5*a + 5*r - 671 = n, -j*r + 5 = 0. Is a composite?
False
Suppose -12*p - 14527 + 54979 = 0. Is p prime?
True
Let t = -17 - -24. Is 16956/14 - (t + 240/(-35)) composite?
True
Let x(v) = 12*v**2 + 5*v - 9. Let q = -43 + 18. Let g = 33 + q. Is x(g) a prime number?
False
Let a(b) = 9*b**3 - b + 5. Let k be (-2)/(-4)*(-60)/(-6). Let f be a(k). Suppose 2*p + f = 3*o, -5*p + 364 = o - 2*p. Is o composite?
False
Let m = 30 - 33. Is 6097/14 - m/2 prime?
False
Let s(j) = -j**3 + 42*j**2 - 49*j + 27. Is s(34) prime?
False
Suppose -8 = -d + 4*y, 0*d + 5*y = -4*d + 11. Is (-2*1/d)/(2/(-92)) a prime number?
True
Let o = -50 + 25. Let i = o + 25. Suppose 5*t = -3*b + 1021, i = 5*t + 5*b - 765 - 260. Is t a composite number?
True
Suppose 4*x + 3*u = 22, 0 = -2*x - 3*u - 11 + 25. Suppose -x*i - 724 = -8*i. Is i a composite number?
False
Let j = -46 - -48. Is j/4*(-7792)/((-8)/2) a composite number?
True
Let h(n) = 30*n**2 - 33*n - 37. Is h(14) prime?
True
Suppose -79 - 21 = 5*c. Let d be 1/((c/12)/(-5)). Suppose -2*m = d*w - 179, -5*m + 3*w - 2*w = -456. Is m composite?
True
Let u be ((-21)/14)/((-2)/(-1996)). Let w = -856 - u. Is w a composite number?
False
Suppose -3*g = -2*g + 1. Is 1/(g + 1254/1252) a prime number?
False
Let p be 2*(9/6)/3 + 92. Suppose -s + 20 = -p. Is s a composite number?
False
Let x(z) = 9*z**2 + 11*z + 19. Let d = -108 + 95. Is x(d) prime?
False
Let l = 191 - 138. Is l prime?
True
Let g = 12641 + 8414. Is g composite?
True
Let d(z) = 24*z - 23. Let n(j) = j**3 - 11*j**2 - 12*j + 15. Let l be n(12). Is d(l) a prime number?
True
Let t(o) = -457*o - 14. Let v be t(-4). Suppose -2*r - v = -4*r. Is r a prime number?
True
Let r be (-3)/5 - (-54)/15. Suppose 4 = n, -r*j - j = n - 368. Is j prime?
False
Is 72728/12*-3*(-2)/4 a composite number?
False
Suppose -5*w + 6137 = -2*s, 0 = 5*w - 10 - 15. Let u = s - -4515. Is u composite?
False
Let u(z) = 917*z**3 + 8*z**2 + 8*z + 3. Is u(2) composite?
True
Let y(i) be the first derivative of i**4/4 - i**3/3 - 3*i**2/2 + 5*i + 5. Is y(6) composite?
False
Let z be (-124390)/42 - 4/(-6). Is (-4)/(-12)*(-4 - 2) - z prime?
False
Let c = -7 - -14. Let a(x) = 1 - 4*x - c*x + 382*x**2 + 9*x. Is a(1) composite?
True
Let w(p) = 29*p**2 - 16*p**2 - 1 + 31*p**2 + 15*p**2. Suppose -j = -3*j - 2. Is w(j) prime?
False
Let z(i) = -347*i - 45. Is z(-2) a composite number?
True
Suppose 0 = -3*l + 4*l - 4. Suppose j + 16 = -l. Is 68*2/((-32)/j) a composite number?
True
Suppose -13084 = -19*u + 9469. Is u a prime number?
True
Suppose 3*g = 23*g - 104900. Is g a composite number?
True
Let i(z) = -z**2 - 19*z - 30. Let q be i(-17). Suppose 694 - q = 6*l. Is l a prime number?
False
Suppose 4*u - 16784 = 4*s, 2*u + 2*s - 93 - 8319 = 0. Is u a composite number?
False
Suppose -3*k + 8785 = 29*a - 33*a, 0 = -5*k + 3*a + 14660. Is k a prime number?
False
Suppose -x + 0*z + 2 = z, 5*z + 2 = -2*x. Suppose 4*g = -y - 12, 4 = 3*g + 5*y - x. Is 333/4 + g/16 a prime number?
True
Let w(c) = -71 - 5*c**2 + 214 + 9*c**2 - 3*c**2. Is w(0) prime?
False
Suppose 42*f - 11*f = 1081807. Is f prime?
True
Let a(b) = 2 - 8*b - 5 + 2 - 4*b + 3*b**2. Is a(10) prime?
True
Let u = 795 - 1037. Let q = -596 + 1133. Let z = u + q. Is z a composite number?
True
Let u(q) = 3*q - 10. Let b be u(4). Let p = b - -1. Suppose 0 = 3*j + 2*c - 56, 0 = -2*j + p*j - 2*c - 32. Is j composite?
True
Suppose -2*f = -2*m - 0 - 4, f - 2 = -3*m. Suppose r = 2*r - f*y - 1471, 2*y - 10 = 0. Is r composite?
False
Is (4954/(-4))/((-7)/14) a composite number?
False
Let s(g) = 59*g + 35. Is s(12) a prime number?
True
Suppose -10*i - 3*i = 13663. Let x = 3244 - i. Is x a prime number?
False
Suppose 0 = -5*v + 1705 + 1605. Is v a composite number?
True
Let p be (70/(-21))/(2/(-6)). Suppose -p = -s + 4. Is (-6424)/(-56) + 4/s prime?
False
Is 1 + 1/(-3) - (-7720577)/249 composite?
True
Is 8/2*(-12055)/(-20) prime?
True
Suppose c = 6*c + 125. Let w = 90 - c. Is w/5*(1 - -10) prime?
False
Suppose -4*q + 58033 = 3*s, 0 = -5*s - 0*q + 2*q + 96739. Is s a composite number?
True
Let v(w) = w**2 - 8*w + 7. Suppose 0 = 4*n - 76 + 4. Is v(n) prime?
False
Suppose 4*m - 69766 = -2*u, 11*m = 7*m - 4*u + 69776. Is m a prime number?
False
Suppose -d - 155 = 4*y - 5330, 5*d + 2*y = 25785. Is d a prime number?
False
Suppose 10*m = 11256 + 28174. Is m prime?
True
Suppose 2537 = 2*y - 1097. Is y a prime number?
False
Let n(k) = 428*k**2 - 10*k - 29. Is n(4) a prime number?
True
Let x be 14/(-4)*(-112)/49. Let g be x/24 + 1027/(-3). Let k = 485 + g. Is k a prime number?
False
Let p(l) = l - 4. Let k be p(7). Suppose -k*t - 5 = -17. Suppose -t*j - 1 + 765 = 0. Is j composite?
False
Suppose l = 2*s - 39 + 2826, -2*l + 5571 = -s. Is l a composite number?
True
Let p = 3 + 1. Suppose 3*k + 2 = p*k. Suppose 0 = k*j - 2*r - 190, -3*j + r + 483 = 2*j. Is j composite?
False
Let r be (-12516)/(-18) + ((-1)/(-3))/(-1). Suppose 2*k + 265 - 2597 = 0. Let z = k - r. Is z prime?
False
Suppose -2*o = -q + 5, 5*o + 0 + 5 = 5*q. Let r be 24/((-3)/o*2). Suppose 0 = c + 2*w - r, 4*w + w = 5. Is c composite?
True
Let l(y) = 110*y - 51. Let f(z) = -55*z + 26. Let u(q) = 5*f(q) + 2*l(q). Is u(-15) prime?
True
Suppose 6852 = 24*y - 18*y. Is y a composite number?
True
Suppose 3*k - 21 = 3*j, -6*j = -3*j - 3. Let a(r) = 51*r**2 - 7*r - 5. Is a(k) a composite number?
False
Suppose 4*h - 36 = 4*g, 0*h - g = -5*h + 25. Suppose 1182 = h*y - 1994. Is y a prime number?
False
Let x = 41180 + -9685. Is x composite?
True
Let h = 2516 + -342. Is h a composite number?
True
Let n be 9/6 - (-1800)/16. Suppose -3*f + n = -51. Is f prime?
False
Is (-33)/(-44